y 13.
11
Suppose -3*j = -2*y - 210, -96 - 28 = -2*j - 4*y. Suppose 4*z + j = 8*z. Calculate the remainder when 33 is divided by z.
16
Suppose -62 = -4*j + 82. Suppose z = -z + j. What is the remainder when 35 is divided by z?
17
Let d(u) = 12*u + 16. What is the remainder when d(7) is divided by 34?
32
Suppose 4 = 6*p - 8*p. Suppose -2*i + i - 6 = 0. Calculate the remainder when (p/i)/(3/477) is divided by 18.
17
Suppose w + 56 = -3*w. Calculate the remainder when 89 is divided by (-328)/w - (-18)/(-42).
20
Let u(m) = m**2 + 7*m + 9. Calculate the remainder when 8 is divided by u(-6).
2
Suppose -s = -3*u + 204, s + 198 = 3*u + 2*s. What is the remainder when u is divided by 14?
11
Suppose 0*t = 4*t - 108. Calculate the remainder when 80 is divided by t.
26
Let t be (4/(-6))/((-9)/216). Let k = t + -11. Calculate the remainder when 19 is divided by k.
4
What is the remainder when 70 is divided by 56/(-70)*45/(-2)?
16
Let p = 86 - 17. Suppose p = 3*q + 9. Suppose q + 12 = l. What is the remainder when l is divided by 17?
15
Suppose -13 + 330 = h. Let o = -210 + h. What is the remainder when o is divided by 27?
26
Let z(x) = -x - 5 + 17 + 2. Suppose -15 = -v + q, -45 = -v - 3*v + q. What is the remainder when z(v) is divided by 2?
0
Let g(d) = -d. Let p = 64 + -89. Calculate the remainder when 10/p - (-67)/5 is divided by g(-5).
3
Suppose 7 - 46 = -c. Suppose 6*s - 5*s + 3 = 0. What is the remainder when s*-2*c/9 is divided by 9?
8
Let n = -44 - -61. Let s = -91 - -156. Suppose s = 4*a - 127. What is the remainder when a is divided by n?
14
Suppose 0*n - 130 = -n. Suppose 5*t - 439 + n = -2*d, 3*t - 4*d - 175 = 0. What is the remainder when t is divided by 16?
13
Let s = 41 + 5. Calculate the remainder when s is divided by 12.
10
Let t be 2/(-3) - (-415)/15. Let a = t + -19. What is the remainder when 31 is divided by a?
7
Let k(i) = -24*i - 1. Let s be k(-5). Suppose -4*p - s = -299. Let o = p + -23. What is the remainder when o is divided by 8?
6
What is the remainder when ((-172)/(-6))/((-6)/(-9)) is divided by 15?
13
Suppose 0*i + 4*c + 28 = -i, 2*c - 86 = 2*i. Let v = -22 - i. Let b(t) = 7*t - 29. What is the remainder when b(14) is divided by v?
15
Let n(q) = q**2 - 2*q. Let i be (-75)/5*1/3. Calculate the remainder when n(i) is divided by 13.
9
What is the remainder when 50 is divided by (1/2)/(10/520)?
24
Suppose -6*x = -2*x + 4. Let z(t) = 2*t - 3. Let i be z(2). Let q = i - x. Calculate the remainder when 4 is divided by q.
0
Let b = -75 + 129. Calculate the remainder when b is divided by 8.
6
Let j = -13 + 18. Suppose 2*u + 2*r = -r + 20, -j*u = 2*r - 61. What is the remainder when u is divided by 7?
6
Suppose 3*q - 1 = 5. Suppose -2*f - 3*n + 8*n = -30, -4*n - 28 = -q*f. What is the remainder when 48 is divided by f?
8
Let q(i) be the third derivative of i**4/12 + 17*i**3/3 - 3*i**2. Suppose 3*f + 46 = 4*u + 4*f, u - 14 = f. Calculate the remainder when q(0) is divided by u.
10
Suppose 0 = 5*d - 2*y - 62, 0 = 4*d + 5*y - 33 - 10. Calculate the remainder when (14/6)/(1/d) is divided by 10.
8
Let b = 165 + -125. Calculate the remainder when b is divided by 7.
5
Let j = 39 - 13. Calculate the remainder when 155 is divided by j.
25
Let c = 30 + 6. What is the remainder when c is divided by 19?
17
Let t = 22 - 16. Suppose -t = -5*b + 2*b. What is the remainder when 4 is divided by b?
0
Let y(z) = z**2 + 3. Suppose 0*c = -c. Calculate the remainder when y(5) is divided by 14 - (1 - (2 + c)).
13
What is the remainder when (-1*21)/(4 + 33/(-6)) is divided by 4?
2
Let n = -12 + 14. Suppose 2*u + 116 = 6*u + 4*l, 2*u - 54 = n*l. What is the remainder when 81 is divided by u?
25
Let u(a) = 6*a + 2. Let g be (-4)/2 + 1 + 8. Suppose 2*b = 3 + g. Calculate the remainder when u(b) is divided by 11.
10
Let h = 6 + -2. Let x(w) = w + h*w - w + 2 - 6*w. Calculate the remainder when x(-4) is divided by 6.
4
Suppose 0*v - 3 = -3*v. What is the remainder when 24 is divided by 26/((-1 - v) + 4)?
11
Let n(z) = z**2 + 3*z + 7. What is the remainder when 11 is divided by n(0)?
4
Let x(q) = -2*q**3 + 7*q**2 - 1 + 3*q**3 + q - 2*q**2. Calculate the remainder when 41 is divided by x(-3).
13
Calculate the remainder when 86 is divided by (-54 + 42)*6/(-4).
14
Let v = -1 - -10. Calculate the remainder when v is divided by 6.
3
Suppose 2*p + 2*p + 3*k = 37, 0 = -2*k - 2. Suppose -2*w = 2*u - 7*u - 42, w = 5*u + 26. Calculate the remainder when w is divided by p.
6
Suppose -2*k - x = -5*x - 8, 15 = 3*k - 3*x. Calculate the remainder when 8 - 1*(-1 - 0) is divided by k.
3
Suppose -4*c + 36 = 144. What is the remainder when (0 - c)*8/6 is divided by 13?
10
Let f = 4 + 2. Let l(t) = 2*t**3 - t**2 + 3*t - 2. Let d(j) = -j - 5. Let w be d(-7). Calculate the remainder when l(w) is divided by f.
4
Suppose -b + 9 = -2*x - 12, 4*b = 3*x + 89. Suppose -5*h - 5*o + 4*o + 62 = 0, 4*o + 51 = 3*h. What is the remainder when b is divided by h?
10
Let p(m) be the third derivative of m**6/15 + m**5/60 - m**4/12 + m**3/2 - 2*m**2. Let a = 20 - -3. Calculate the remainder when p(2) is divided by a.
21
Suppose 192*h + 42 = 194*h. What is the remainder when 60 is divided by h?
18
Let n be (4/8)/(3/318). Let p = n + -32. Calculate the remainder when p is divided by 6.
3
Let a(y) = 3*y - 1. Let o be a(8). Let i = o + -7. Calculate the remainder when i is divided by 6.
4
Suppose -4 = t - 9. Let g(c) = 5*c - 4. Calculate the remainder when g(t) is divided by 8.
5
Let u(y) = -3*y**3 - 3*y**2 - 4*y - 3. What is the remainder when 31 is divided by u(-2)?
14
Suppose -4*i + 132 = 4. Suppose -2*n + 7*n = 55. What is the remainder when i is divided by n?
10
Let b(h) = -h**3 - 5*h**2 + 6. Calculate the remainder when 34 is divided by b(-5).
4
Suppose -4*c = 2*y - 30, -2*y - 4*c + 2*c + 20 = 0. Suppose -p = -0*p + 45. What is the remainder when y is divided by (-2)/9 + (-100)/p?
1
Suppose 35 = 2*a + 5. Let i = -100 + 148. Suppose -3*x - i = -4*x - 5*d, 5*d - 177 = -4*x. What is the remainder when x is divided by a?
13
Suppose -2*f - i + 18 = 0, -f - 3*f + 40 = 3*i. Let p = -4 + f. Suppose 3*l + 5*d - 3*d - 17 = 0, -15 = 3*d. Calculate the remainder when l is divided by p.
0
Let j = 11 - 4. What is the remainder when 19 is divided by j?
5
Let b(v) = -11*v + 1. Let o be -3 + (-2 - (-1 - 2)). Suppose -4*m - 3*g + 48 = 0, -m + 0*m + g = -12. What is the remainder when b(o) is divided by m?
11
Suppose 6*j + 235 = 11*j. What is the remainder when j is divided by 16?
15
Let t = 177 - 120. What is the remainder when t is divided by 10?
7
Let l = 6 - -10. Let v be -6*3/(-6)*47. Suppose 2*h + v = 5*h. What is the remainder when h is divided by l?
15
Let f(d) = d**3 + 3*d**2 - 2*d. Let a be f(-4). Let s = a - -10. Suppose 0 = 2*o + o - 3. What is the remainder when s is divided by o?
0
Let a(f) = -16*f - 7. What is the remainder when 110 is divided by a(-4)?
53
Let t(u) = -3*u - 1. Let n(x) = x**2 + 3*x + 1. Let q be n(-3). Let s = 19 + q. Calculate the remainder when s is divided by t(-4).
9
Let k(j) = 2*j**3 - 3*j**2 + 4*j + 2. Calculate the remainder when k(4) is divided by 25.
23
Calculate the remainder when 41 is divided by ((-11)/(-2))/(8/32).
19
Suppose 3*f = -0*f + 99. Calculate the remainder when f is divided by 18.
15
Let i be -4 - -4 - (65 - -2). Let r = 97 + i. Calculate the remainder when r is divided by 8.
6
Let c be (-33)/3 + -3 - 0. Let x = -3 - c. Suppose -5*b = -2*b - 18. What is the remainder when x is divided by b?
5
Suppose w + 0*w - 14 = 0. Suppose -2*y = 2*q - w, 3*q = -3*y - q + 16. Suppose 0 = -3*v + 32 + 34. Calculate the remainder when v is divided by y.
10
What is the remainder when 59 is divided by 15 - (-2 + 2 - 0)?
14
Let s = -128 + 200. What is the remainder when s is divided by 25?
22
Suppose 27*q - 490 = 17*q. What is the remainder when q is divided by 23?
3
Let q(l) = l**3 + l**2 - 1. Let m be q(1). Let o be (28*(-1)/(-2))/m. Let u = o - 7. Calculate the remainder when u is divided by 5.
2
Suppose f = -84 - 43. What is the remainder when 49 is divided by 3/5 - f/5?
23
Suppose -5*s + 206 = 4*j + 80, -58 = -3*s + 2*j. What is the remainder when s is divided by 12?
10
Let d be -2*1 + 10/2. Suppose -5*s = k - 18, -d*k = k + 8. Suppose -j = -2*z - 9, s*j + z + 0*z - 9 = 0. Wha